at is the greatest common divisor of 14 and r?
14
Let q be (-2 - -2) + (3 - 1). Suppose -20 = -q*k - 0*k. What is the greatest common divisor of 50 and k?
10
Suppose -h - 5*g + 26 = 0, 5*g + 3 = 28. Suppose -3*f + 2 = -h. Suppose m = 11 + f. Calculate the greatest common factor of m and 108.
12
Suppose 3*c - 2*h - 22 + 72 = 0, c + 5*h + 28 = 0. Let r = c - -137. Calculate the greatest common divisor of r and 17.
17
Let w be (-284)/(-16) + 2/8. Let d be (2 + (-2 - -1))*0. Suppose -4*h + d*h + 188 = 4*v, v - 55 = -5*h. What is the greatest common factor of w and v?
9
Let n(q) = -q**3 - 6*q**2 - 4*q - 6. Let t be n(-6). Suppose a + 2*a = t. What is the greatest common factor of 54 and a?
6
Let x(i) = -i**3 - 4*i**2 + 5*i + 1. Let z be x(-5). Let q = 8 + z. Let a be -3 - -5 - 5 - (-300)/4. What is the greatest common divisor of q and a?
9
Suppose -4*o + 24 = m, -101 = -6*m + m - o. What is the greatest common divisor of 160 and m?
20
Let r = 492 - 228. Calculate the highest common divisor of r and 33.
33
Let n = -3 - 0. Let a(b) = b**3 + 7*b**2 + 3*b - 4. Let z be a(n). Let g be z + 3*(-1 - 0). What is the highest common divisor of g and 8?
4
Suppose -2*l + 2 = 2*p, -l + 28 = 3*p - 3*l. Suppose -p*y + 5 = -y. Let t be (11 - 4) + -1 + -1. What is the highest common divisor of t and y?
1
Let v be -48*(4/18)/(8/(-12)). Calculate the highest common factor of v and 112.
16
Let c(p) = 0*p + 12*p - 3*p + 3 - 4. Let h be c(1). What is the greatest common factor of h and 24?
8
Suppose 3*m - a - 53 = 0, -m + 29 = 2*a + 9. Calculate the greatest common factor of 9 and m.
9
Let q = 27 - 10. What is the greatest common divisor of 68 and q?
17
Suppose -187 = -7*w + 653. Let r be (-1)/(-2 + 3) - -4. Suppose r*p - p - 94 = -2*t, -5*t + 244 = -4*p. Calculate the highest common divisor of t and w.
24
Let i be (-8)/(-3) + (-8)/12. Suppose -n = i*g - 179, -3*n = 5*g + 120 - 569. What is the highest common factor of g and 8?
8
Let y = 409 + -235. Suppose 36 + y = 3*b. What is the highest common divisor of 10 and b?
10
Let d(v) = v**2 - 10*v + 15. Let u be d(10). What is the greatest common divisor of u and 5?
5
Let g be 1 + 6/(-9)*-3. Let y = 7 - 17. Let x be ((-16)/y)/(2/30). Calculate the highest common factor of g and x.
3
Let w(z) = -20*z - 4. Let k be w(-3). Suppose -24 = -6*p + 3*p. What is the highest common factor of k and p?
8
Suppose -3*c + 466 = -c. Suppose -4*a - 5*z = -935, -c - 2 = -a - z. Suppose 4*j = -j + a. What is the highest common factor of 6 and j?
6
Suppose -5*x + 0 - 15 = -5*i, -5*x = -5. Let q(p) = -p**3 + 5*p**2 + 3*p - 6. Let l be q(i). Calculate the greatest common divisor of l and 88.
22
Suppose -2*v + 5*v - 4*x = 3, 5*x = 2*v - 2. Suppose -a + 5 = v. Suppose a*t + 2*p - 5*p = 60, 4*p = -t + 15. What is the highest common divisor of t and 60?
15
Suppose h + 3 = 2*m, -2*h = 6*m - m - 21. Suppose 0 = -h*u + 12. Suppose -5*v + 34 = -4*a, 2*v - 7 = -a + u. Calculate the greatest common factor of 6 and v.
6
Let u = -29 - -55. Calculate the greatest common divisor of u and 286.
26
Suppose a + 27 = 4*a. Let u = -6 + -2. Let o be u/(-36) + 1778/18. What is the greatest common divisor of o and a?
9
Let n be 4 - 100/(-8)*8. What is the highest common factor of 13 and n?
13
Suppose g = -0*g - 4*k + 105, 5*g - 4*k = 405. What is the greatest common divisor of g and 17?
17
Let v = 21 - 5. Let q = -2 + 3. Let i be (-1)/q - (-116 - -3). Calculate the highest common factor of v and i.
16
Suppose -3*h = -7*h + 12. Suppose -h*g + 9 = -0*g. Let q(y) = -y**3 + 8*y**2 - 4*y + 3. Let z be q(g). Calculate the highest common factor of 12 and z.
12
Let n be (-105)/(-33) - (-14)/(-77). Calculate the highest common divisor of 15 and n.
3
Let h be -4*13*5/(-20). Calculate the highest common divisor of h and 65.
13
Let b(s) be the second derivative of -s**4/12 - s**3/3 + s**2/2 + 4*s. Let m be b(-3). Let w be m/(-3)*1*3. What is the greatest common divisor of 22 and w?
2
Let p be -1 + 2/4*22. Let h(m) = m**2 - 4*m - 12. Let g be h(8). Calculate the highest common factor of p and g.
10
Suppose -2*f - 6 = -0*f, 3*f = 3*r - 51. Let h = 115 + -215. Let t = -65 - h. What is the highest common divisor of t and r?
7
Suppose -10 = 4*a - 3*a. Let j be ((-15)/a)/((-3)/(-52)). Calculate the greatest common factor of j and 13.
13
Let f(c) = 7*c**2 - c - 1. Let p be f(-1). Calculate the greatest common divisor of p and 28.
7
Suppose -z + 2 = q, q - 2 = 2*z - 0. Let c(l) = l**3 + l**2 + l + 7. Let t be c(z). Let x = 32 + 45. Calculate the greatest common factor of t and x.
7
Let k be 16/96 + 142/12. What is the highest common factor of k and 204?
12
Suppose 4*j - 2642 + 642 = 0. Calculate the highest common factor of 50 and j.
50
Let x be 156 + 3 - (0 + -2). Calculate the highest common divisor of x and 23.
23
Suppose 93 + 91 = 4*y. What is the greatest common divisor of 23 and y?
23
Let i(t) = t**2 - 8*t - 5. Let p be i(9). Suppose -27 = -3*y - 5*j, 2*y - p*j = -5 + 1. What is the greatest common divisor of 24 and y?
4
Suppose -15*v - 18*v + 660 = 0. Suppose -5*s + 8 = -12. What is the highest common divisor of s and v?
4
Let l = 37 - -33. Calculate the greatest common factor of l and 28.
14
Suppose -5*f = 27 + 3. Let l = -4 - f. What is the highest common divisor of l and 16?
2
Let w = 93 + -29. Suppose w = 4*n - 0. Calculate the greatest common divisor of 176 and n.
16
Suppose 10 = 5*w + 6*b - 4*b, b = 5*w - 25. Suppose -3*l + 27 = w*v, 4*v - 40 = l - 5*l. What is the highest common factor of l and 143?
13
Let z be 0/(4 - 2) - -22. Let g = z - 12. Calculate the highest common factor of g and 20.
10
Let d(v) = -v**2 + 15*v - 5 + 5. Let w be d(7). Suppose 7*l = 11 + 38. Calculate the highest common divisor of w and l.
7
Suppose -n = 3*n - 16, 2*n + 1 = j. Suppose 5*x = j - 4. What is the highest common divisor of x and 1?
1
Let i be 2 - -1 - (-2)/1. Suppose 5*r = i*a + 45, r - 49 = -5*a - 16. Calculate the highest common factor of r and 52.
13
Let a = 256 - 98. Let u = a + -37. Let o be 1/(3*3/99). Calculate the highest common factor of o and u.
11
Suppose i + 2*i = -4*z + 31, -2*i - 5*z + 23 = 0. What is the greatest common divisor of 72 and i?
9
Suppose -5*h = -20 - 60. Suppose -5*s = -q + h, -s = -5*s + 16. Calculate the highest common factor of 12 and q.
12
Let c be (2/2)/((-3)/(-240)). What is the greatest common factor of c and 20?
20
Suppose 2*z - 16 = -3*k, -4*z + 0*k + 2*k = 0. Suppose g - 3 = 1. Suppose -g*d + 0*d = -32. What is the greatest common factor of z and d?
2
Suppose -18*x + 55 = -7*x. What is the highest common divisor of 45 and x?
5
Suppose -l + 109 = -5*p, 3*l + 2*p + 44 = 439. Calculate the highest common factor of 86 and l.
43
Suppose -8*n = -4*n - 184. Calculate the greatest common divisor of n and 69.
23
Let k be 3/((-9)/5)*36. Let c be 3/2*k/(-9). Calculate the greatest common divisor of 5 and c.
5
Let a(g) = -15*g - 73. Let t be a(-5). Suppose -2*s = s - 30. Let b = -6 + s. Calculate the greatest common divisor of b and t.
2
Suppose 0 = 5*p - 10, 9 = 2*d + p - 47. Suppose 72 = m + 3*m. Calculate the greatest common divisor of m and d.
9
Let q = -60 + 111. Suppose 2*w - 30 = -n, -3*n + 0*n + q = 3*w. Calculate the greatest common factor of 104 and w.
13
Let v(b) = b**2 + 3*b - 6. Let h be v(-5). Let i = 21 - h. What is the greatest common divisor of i and 187?
17
Suppose -b + 13 = 39. Let c be (-8)/44 - b/22. Calculate the greatest common factor of 7 and c.
1
Let n be (-3)/((-30)/4) - (-22417)/145. What is the greatest common factor of 62 and n?
31
Let h(n) = 2*n**3 - 4*n**2 - 5*n + 7. Let g be h(5). Suppose 10 = 3*a - 5, -33 = -4*p + 3*a. What is the greatest common divisor of g and p?
12
Let i(y) = 74*y**2. Let r be i(-1). Suppose r = c - 3*t, -t = -0*c - 5*c + 384. What is the greatest common divisor of c and 7?
7
Suppose -i - 3*i + 80 = 0. Suppose j + i = 6*j. Suppose 5 + 9 = 4*s - 2*x, -16 = -5*s + 4*x. Calculate the greatest common divisor of s and j.
4
Suppose -42 = -2*c - 4*o, -3*o + 9 = -0*o. Let m be 264/c - 2/(-5). Calculate the highest common factor of 6 and m.
6
Suppose 4*w - 9*r - 25 = -4*r, -r + 19 = 4*w. Suppose 5*t - 52 = -2*z + 65, w*t + 3*z = 118. Let s = -11 + t. Calculate the highest common factor of s and 3.
3
Suppose -t = 3*b